294018. Calculate a(64).
-2
Let d(o) = 19*o**2 + 1976*o + 1951. Calculate d(-103).
-6
Let z(o) = 489*o - 58023. What is z(118)?
-321
Let r(h) = -4*h**3 - 399*h**2 + 106*h + 596. Calculate r(-100).
-4
Let b(p) = 535*p + 7480. Give b(-14).
-10
Let s(j) = -321*j + 93443. Give s(289).
674
Let m(l) = 9*l**3 + 8*l**2 + 473*l - 1466. Calculate m(3).
268
Let n(g) = 111*g**2 - 240*g + 217. Calculate n(1).
88
Let q(a) = -a**2 + 4103*a + 132359. What is q(-32)?
39
Let x(v) = 2*v**3 - 47*v**2 + 279*v - 39. Calculate x(14).
143
Let r(c) = c**3 - 52*c**2 + 323*c - 4055. Calculate r(47).
81
Let w(n) = 2918*n - 75903. Give w(26).
-35
Let u(t) = -t**3 - 73*t**2 + 611*t + 10830. Determine u(-79).
7
Let y(p) = 8478*p - 2195806. What is y(259)?
-4
Let b(k) = -243*k**2 - 291*k - 875. Calculate b(-3).
-2189
Let a(g) = -11343*g + 68027. What is a(6)?
-31
Let f(h) = -12*h**2 + 353*h + 330. Determine f(29).
475
Let v(p) = p**3 - 2*p**2 + 38*p + 1105. What is v(0)?
1105
Let u(m) = -m**3 - 39*m**2 + 769*m + 37. What is u(-54)?
2251
Let r(o) = o**3 + 2812*o**2 - 7590*o - 5521061. Calculate r(-2814).
7
Let m(x) = 962*x - 19136. Calculate m(19).
-858
Let y(z) = -z**2 - 1487*z - 7433. Determine y(-5).
-23
Let p(a) = 1100*a + 9081. What is p(-8)?
281
Let w(g) = g**3 + 34*g**2 - 288*g - 30. What is w(7)?
-37
Let w(k) = 11*k**2 + 88703*k + 88701. Determine w(-1).
9
Let f(a) = -743*a + 204945. Calculate f(276).
-123
Let r(s) = 50095*s + 2805317. What is r(-56)?
-3
Let a(z) = -2*z**3 + 4747*z**2 - 38010*z + 17. Calculate a(8).
-1279
Let r(z) = -314*z**2 - 183684*z + 3499. What is r(-585)?
-11
Let g(d) = 4*d**2 + 128*d + 6368. Calculate g(-52).
10528
Let t(m) = -1284*m + 199029. Give t(155).
9
Let y(k) = -3938*k + 19682. What is y(5)?
-8
Let q(v) = 41*v**3 + 6*v**2 + 54*v + 95. Calculate q(-2).
-317
Let q(o) = -4891*o + 131729. Give q(27).
-328
Let d(f) = 3*f**3 - 1513*f**2 - 20183*f - 121. Determine d(-13).
-30
Let j(f) = 2048*f + 350733. Determine j(-171).
525
Let c(u) = -1276*u - 149296. Determine c(-117).
-4
Let p(m) = -4*m**2 - 506*m + 502. Determine p(1).
-8
Let a(o) = 3*o**3 - 36*o**2 + 1078*o - 14510. Give a(13).
11
Let h(l) = l**2 + 5104*l + 20410. What is h(-4)?
10
Let f(g) = -2*g**3 + 116*g**2 + 513*g - 441. Determine f(62).
613
Let j(t) = 32*t**2 - 2751*t + 330. Give j(86).
416
Let y(a) = 3*a**2 + 6401*a - 70904. Determine y(11).
-130
Let m(b) = 68607*b - 137211. Give m(2).
3
Let q(g) = -7954*g - 5130352. Give q(-645).
-22
Let c(g) = -7888*g + 599500. Determine c(76).
12
Let b(z) = -7094*z + 45065. Calculate b(6).
2501
Let i(w) = -25422*w + 75768. What is i(3)?
-498
Let l(f) = f**3 - 19*f**2 + 68*f + 175. What is l(0)?
175
Let d(h) = h**3 + 705*h**2 + 1077*h + 759333. Give d(-705).
48
Let f(k) = -61394*k - 3253890. Calculate f(-53).
-8
Let k(z) = 714*z**2 - 332721*z - 1402. Give k(466).
-4
Let f(z) = 2*z**2 + 177*z + 2092. What is f(-12)?
256
Let z(m) = -3163*m - 9524. Determine z(-3).
-35
Let t(w) = -84*w**2 + 70*w - 302. Calculate t(5).
-2052
Let h(q) = -3*q**3 + 10*q**2 - 4446*q + 8874. Calculate h(2).
-2
Let b(m) = 64*m + 4530. What is b(-73)?
-142
Let c(s) = 712*s + 53298. Give c(-75).
-102
Let a(w) = -w**2 + 43778*w + 262704. Determine a(-6).
0
Let m(a) = 1477*a + 264389. Give m(-179).
6
Let o(b) = -15*b**2 - 76*b + 147. Determine o(-7).
-56
Let n(z) = 23441*z - 140658. What is n(6)?
-12
Let c(i) = 3*i**3 - 38*i**2 - 87*i + 335. Give c(14).
-99
Let q(l) = -l**2 - 729*l + 30177. Determine q(37).
1835
Let p(u) = -60*u**2 - 118*u - 72. Calculate p(-1).
-14
Let d(x) = 4*x**3 + 61*x**2 - 303*x + 31. Give d(4).
51
Let f(w) = 572*w - 10758. What is f(19)?
110
Let b(p) = 10*p**2 + 1584*p - 4162. Calculate b(-161).
24
Let k(o) = -2*o**2 + 69*o - 101. Calculate k(32).
59
Let p(a) = 1425*a**2 - 8573*a + 126. Give p(6).
-12
Let b(h) = h**3 + 43*h**2 + 1116*h + 48029. Calculate b(-43).
41
Let z(s) = -4337*s - 221188. Give z(-51).
-1
Let t(d) = 2*d**2 - 12508*d - 200644. Calculate t(-16).
-4
Let t(d) = -42453*d + 254629. Determine t(6).
-89
Let j(d) = 2*d**3 + 3*d**2 - 12403*d - 61830. Calculate j(-5).
10
Let a(d) = 783*d**2 + 7912*d + 783. Calculate a(-10).
-37
Let t(z) = 52*z**3 + 1821*z**2 + 42*z - 115. What is t(-35)?
-360
Let b(v) = -7*v**2 - 415*v + 328. Determine b(-60).
28
Let b(g) = -36*g**2 + 861*g - 6941. Determine b(8).
-2357
Let x(n) = 141*n**3 - 6*n**2 + 63*n - 119. Give x(2).
1111
Let n(c) = -c**2 + 271*c - 13298. Calculate n(115).
4642
Let f(z) = -2*z**3 + 150*z**2 - 1370*z - 2363. What is f(64)?
69
Let g(k) = k**3 + 25*k**2 + 1472*k + 34764. Calculate g(-24).
12
Let b(w) = -50*w**3 - 17*w**2 + 72*w - 18. Calculate b(5).
-6333
Let i(w) = w**2 + 169*w + 2553. What is i(-17)?
-31
Let x(v) = v**3 - 60*v**2 + 339*v - 35. Calculate x(6).
55
Let h(a) = -7*a**3 - 287*a**2 + a + 76. Give h(-41).
35
Let w(s) = -3*s**3 + 154*s**2 - 44*s - 253. Give w(51).
104
Let g(i) = -50*i**3 - 17048*i**2 + 684*i + 783. Give g(-341).
101
Let y(z) = -z**2 + 3301*z - 547030. Determine y(175).
20
Let o(a) = 296837*a + 6233599. Determine o(-21).
22
Let f(o) = 2*o**3 - 101*o**2 + 5*o - 27. Determine f(0).
-27
Let b(f) = -1113*f + 17817. Determine b(16).
9
Let n(c) = -6220*c - 149277. Give n(-24).
3
Let i(z) = -2*z**2 - 74*z - 304. What is i(-31)?
68
Let u(j) = -j**3 + 35*j**2 - 116*j + 5122. Give u(36).
-350
Let p(d) = d**2 - 15184*d + 106240. Give p(7).
1
Let q(m) = -m**2 + 7267*m + 21829. Calculate q(-3).
19
Let h(y) = y**3 + 6*y**2 + 761*y + 4626. Determine h(-6).
60
Let q(c) = c**3 + 117*c**2 - 474*c + 1220. Give q(-121).
10
Let c(z) = -2*z**3 + 42*z**2 - 193*z - 202. What is c(13)?
-7
Let h(j) = -3*j**3 + 266*j**2 - 5844*j + 25. Give h(40).
-135
Let c(m) = -832*m - 81508. Calculate c(-98).
28
Let h(d) = -8*d**3 + 61*d**2 + 91*d - 590. Calculate h(8).
-54
Let v(x) = -1497*x - 570. Determine v(-1).
927
Let z(v) = -326*v - 38781. What is z(-117)?
-639
Let b(x) = -x**3 - 12*x**2 - 678*x - 9868. What is b(-14)?
16
Let h(b) = 5316*b + 265845. Determine h(-50).
45
Let z(k) = -40*k - 4. What is z(20)?
-804
Let r(i) = -82329*i - 4528142. Determine r(-55).
-47
Let j(h) = 65050*h + 260198. Calculate j(-4).
-2
Let d(l) = 2*l**2 + 681*l + 19179. Determine d(-308).
-841
Let q(p) = 2*p**3 - 4*p**2 - 382*p + 2179. Calculate q(7).
-5
Let n(y) = 19551*y - 332351. Determine n(17).
16
Let l(i) = -932*i + 2637. Give l(5).
-2023
Let k(z) = -8*z**3 - 248*z**2 - 34*z - 426. What is k(-31)?
628
Let v(i) = -2*i**3 + i**2 + 133*i - 200. Calculate v(0).
-200
Let r(y) = -52*y - 6095. Give r(-121).
197
Let z(y) = -1073193*y - 2146388. Give z(-2).
-2
Let z(r) = r**3 + 23*r**2 - 4359*r - 44882. Give z(-10).
8
Let g(l) = -49812*l - 547925. Determine g(-11).
7
Let i(u) = -u**2 + 334*u - 3590. Determine i(11).
-37
Let q(l) = l**3 - 85*l**2 - 3740*l - 41. Give q(117).
427
Let f(c) = 92695*c + 1761203. What is f(-19)?
-2
Let l(n) = -5*n**2 + 3693*n + 131271. Give l(-34).
-71
Let y(g) = 2*g**3 - 509*g**2 - 6670*g - 1416. Calculate y(267).
-81
Let g(b) = -121198*b - 121228. Calculate g(-1).
-30
Let q(c) = c**3 + 185*c**2 + 1334*c + 110411. Calculate q(-181).
1
Let x(k) = 941740*k - 2825233. Calculate x(3).
-13
Let g(k) = 2162*k + 12782. Give g(-6).
-190
Let t(a) = 3*a**3 - 383*a**2 + 6111*a - 715. Calculate t(109).
48
Let i(x) = -549*x**3 + 15377*x**2 - 140*x + 2. Calculate i(28).
2
Let b(f) = f**3 + 6*f**2 + 1526*f + 12319. Give b(-8).
-17
Let f(i) = -42*i**2 - 542*i - 62. Calculate f(-11).
818
Let r(v) = -52420*v + 52409. What is r(1)?
-11
Let t(c) = -565*c**2 + 419*c + 838. Determine t(-2).
-2260
Let h(j) = j**3 - 67*j**2 - 3757*j - 9479. Determine h(104).
-15
Let d(g) = 60*g**2 - 65*g + 100. Calculate d(2).
210
Let c(s) = -s**3 + 62*s**2 - 644*s + 836. Determine c(11).
-77
Let u(o) = -5*o**3 - 844*o**2 + 176*o + 1187. What is u(-169)?
4
Let u(o) = -25819*o - 1704042. Give u(-66).
12
Let q(w) = w**2 + 94366*w + 3961606. Determine q(-42).
-2
Let n(h) = 30*h**2 - 887*h - 186. Calculate n(30).
204
Let w(h) = -47552*h - 2282392. What is w(-48)?
104
Let o(w) = -842*w - 30452. Calculate o(-34).
-1824
Let t(q) = -q**3 + 122*q**2 - 2796*q - 2260. Determine t(91).
15
Let s(z) = -2*z**3 + 59*z**2 - 23*z - 453. What is s(29)?
-279
Let r(u) = 2*u**3 + 45*u**2 + 469*u - 77. What is r(-9)?
-2111
Let f(m) = -m**3 + 8*m**2 + 72*m